{"id":1251,"date":"2021-09-29T19:22:43","date_gmt":"2021-09-29T19:22:43","guid":{"rendered":"https:\/\/aboaarte.com\/?post_type=product&#038;p=1251"},"modified":"2026-01-17T12:51:22","modified_gmt":"2026-01-17T12:51:22","slug":"veado-campeiro-ozotoceros-bezoarticus","status":"publish","type":"product","link":"https:\/\/aboaarte.com\/index.php\/product\/veado-campeiro-ozotoceros-bezoarticus\/","title":{"rendered":"Veado Campeiro (Ozotoceros bezoarticus)"},"content":{"rendered":"<p>T\u00e9cnicas diversas sobre papel para aquarela livre de \u00e1cido e antibolor. Veado Campeiro (<em>Ozotoceros bezoarticus<\/em>), mam\u00edfero ruminante da fam\u00edlia dos cerv\u00eddeos e \u00fanico representante do g\u00eanero Ozotoceros. Atualmente, as popula\u00e7\u00f5es est\u00e3o fragmentadas e reduzidas, ocorrendo em algumas localidades do Brasil, Argentina, Bol\u00edvia, Paraguai e Uruguai. No Rio Grande do Sul, ainda pode ser encontrado nos Campos de Cima da Serra e Pampa. Por F. G. Dillenburg. Obra \u00fanica.<\/p>\n<p><strong>Observa\u00e7\u00e3o<\/strong>: nenhuma imagem, por melhor que seja, \u00e9 capaz de reproduzir os detalhes, as nuances, os cuidados que fazem parte do processo de elabora\u00e7\u00e3o da obra, executada com materiais rigidamente selecionados e da mais alta qualidade, para assegurar seu valor e sua longevidade.<\/p>\n<p><em><span class=\"has-inline-color has-cyan-bluish-gray-color\">O autor reserva-se o pleno e permanente direito sobre o copyright da sua obra. Nenhuma c\u00f3pia ou reprodu\u00e7\u00e3o, em qualquer meio f\u00edsico ou digital, pode ser feita sem sua expressa autoriza\u00e7\u00e3o.<\/span><\/em><\/p>\n<p><span style=\"color: #ff6600;\">Para encomendas ou compras internacionais, por favor, entre em contato.<\/span><\/p>\n","protected":false},"excerpt":{"rendered":"<p>T\u00e9cnicas diversas sobre papel para aquarela livre de \u00e1cido e antibolor. Veado Campeiro (<em>Ozotoceros bezoarticus<\/em>), mam\u00edfero ruminante da fam\u00edlia dos cerv\u00eddeos e \u00fanico representante do g\u00eanero Ozotoceros. Atualmente, as popula\u00e7\u00f5es est\u00e3o fragmentadas e reduzidas, ocorrendo em algumas localidades do Brasil, Argentina, Bol\u00edvia, Paraguai e Uruguai. No Rio Grande do Sul, ainda pode ser encontrado nos Campos de Cima da Serra e Pampa. Por F. G. Dillenburg. Obra \u00fanica.<\/p>\n","protected":false},"featured_media":1252,"template":"","meta":{"om_disable_all_campaigns":false,"site-sidebar-layout":"no-sidebar","site-content-layout":"boxed-container","ast-site-content-layout":"normal-width-container","site-content-style":"boxed","site-sidebar-style":"boxed","ast-global-header-display":"","ast-banner-title-visibility":"","ast-main-header-display":"","ast-hfb-above-header-display":"","ast-hfb-below-header-display":"","ast-hfb-mobile-header-display":"","site-post-title":"","ast-breadcrumbs-content":"","ast-featured-img":"","footer-sml-layout":"","theme-transparent-header-meta":"default","adv-header-id-meta":"","stick-header-meta":"","header-above-stick-meta":"","header-main-stick-meta":"","header-below-stick-meta":"","astra-migrate-meta-layouts":"set","ast-page-background-enabled":"default","ast-page-background-meta":{"desktop":{"background-color":"","background-image":"","background-repeat":"repeat","background-position":"center center","background-size":"auto","background-attachment":"scroll","background-type":"","background-media":"","overlay-type":"","overlay-color":"","overlay-opacity":"","overlay-gradient":""},"tablet":{"background-color":"","background-image":"","background-repeat":"repeat","background-position":"center center","background-size":"auto","background-attachment":"scroll","background-type":"","background-media":"","overlay-type":"","overlay-color":"","overlay-opacity":"","overlay-gradient":""},"mobile":{"background-color":"","background-image":"","background-repeat":"repeat","background-position":"center center","background-size":"auto","background-attachment":"scroll","background-type":"","background-media":"","overlay-type":"","overlay-color":"","overlay-opacity":"","overlay-gradient":""}},"ast-content-background-meta":{"desktop":{"background-color":"var(--ast-global-color-5)","background-image":"","background-repeat":"repeat","background-position":"center center","background-size":"auto","background-attachment":"scroll","background-type":"","background-media":"","overlay-type":"","overlay-color":"","overlay-opacity":"","overlay-gradient":""},"tablet":{"background-color":"var(--ast-global-color-5)","background-image":"","background-repeat":"repeat","background-position":"center center","background-size":"auto","background-attachment":"scroll","background-type":"","background-media":"","overlay-type":"","overlay-color":"","overlay-opacity":"","overlay-gradient":""},"mobile":{"background-color":"var(--ast-global-color-5)","background-image":"","background-repeat":"repeat","background-position":"center center","background-size":"auto","background-attachment":"scroll","background-type":"","background-media":"","overlay-type":"","overlay-color":"","overlay-opacity":"","overlay-gradient":""}}},"product_brand":[],"product_cat":[38,27,19,95,32,31,22,20,37],"product_tag":[96],"class_list":{"0":"post-1251","1":"product","2":"type-product","3":"status-publish","4":"has-post-thumbnail","6":"product_cat-animais","7":"product_cat-aquarela","8":"product_cat-desenhos","9":"product_cat-guache","10":"product_cat-lapis-aquarelavel","11":"product_cat-lapis-de-cor","12":"product_cat-pastel-seco","13":"product_cat-pinturas","14":"product_cat-tema","15":"product_tag-veado-campeiro","16":"desktop-align-left","17":"tablet-align-left","18":"mobile-align-left","20":"first","21":"instock","22":"sold-individually","23":"taxable","24":"shipping-taxable","25":"purchasable","26":"product-type-simple"},"aioseo_notices":[],"_links":{"self":[{"href":"https:\/\/aboaarte.com\/index.php\/wp-json\/wp\/v2\/product\/1251","targetHints":{"allow":["GET"]}}],"collection":[{"href":"https:\/\/aboaarte.com\/index.php\/wp-json\/wp\/v2\/product"}],"about":[{"href":"https:\/\/aboaarte.com\/index.php\/wp-json\/wp\/v2\/types\/product"}],"wp:featuredmedia":[{"embeddable":true,"href":"https:\/\/aboaarte.com\/index.php\/wp-json\/wp\/v2\/media\/1252"}],"wp:attachment":[{"href":"https:\/\/aboaarte.com\/index.php\/wp-json\/wp\/v2\/media?parent=1251"}],"wp:term":[{"taxonomy":"product_brand","embeddable":true,"href":"https:\/\/aboaarte.com\/index.php\/wp-json\/wp\/v2\/product_brand?post=1251"},{"taxonomy":"product_cat","embeddable":true,"href":"https:\/\/aboaarte.com\/index.php\/wp-json\/wp\/v2\/product_cat?post=1251"},{"taxonomy":"product_tag","embeddable":true,"href":"https:\/\/aboaarte.com\/index.php\/wp-json\/wp\/v2\/product_tag?post=1251"}],"curies":[{"name":"wp","href":"https:\/\/api.w.org\/{rel}","templated":true}]}}