{"id":1291,"date":"2021-11-01T17:00:17","date_gmt":"2021-11-01T17:00:17","guid":{"rendered":"https:\/\/aboaarte.com\/?post_type=product&#038;p=1291"},"modified":"2026-01-17T12:50:29","modified_gmt":"2026-01-17T12:50:29","slug":"fokker-dr-i-serie-first-hunters","status":"publish","type":"product","link":"https:\/\/aboaarte.com\/index.php\/product\/fokker-dr-i-serie-first-hunters\/","title":{"rendered":"Fokker DR.I"},"content":{"rendered":"<p>Pintura em acr\u00edlico sobre tela, 20\u00d720 cm (33\u00d733 cm com moldura). Escolhido pelos alem\u00e3es para enfrentar a amea\u00e7a representada pelo Sopwith Triplane, o Fokker Dr.I (\u201cDr\u201d como abreviatura de \u201cDreidecker\u201d, isto \u00e9, triplano) foi posto em produ\u00e7\u00e3o acelerada em 1917, alcan\u00e7ando o front em outubro do mesmo ano. Extremamente manobr\u00e1vel, seu maior problema era o arrasto derivado sua configura\u00e7\u00e3o alar, o que n\u00e3o lhe permitia alcan\u00e7ar velocidades muito elevadas, quando comparado com outros avi\u00f5es j\u00e1 dispon\u00edveis na linha de frente (mesmo assim, atingia os 165 Km\/h em configura\u00e7\u00e3o de combate). Apesar disso, muitos ases alem\u00e3es o escolheram pela capacidade de rapidamente se posicionarem na cauda do inimigo com o Dr.I, sendo o mais famoso de todos os nomes a ele ligados o de Manfred von Richtofen, o extraordin\u00e1rio \u201cbar\u00e3o vermelho\u201d. Richtofen voava seu Dr.I vermelho quando foi abatido e morto, em circunst\u00e2ncias nunca esclarecidas, em abril de 1918. Werner Voss obteve dez vit\u00f3rias com um prot\u00f3tipo do Dr.I. Defeitos identificados na constru\u00e7\u00e3o das asas levaram, inicialmente, a muitas quedas acidentais mas, uma vez solucionados os problemas, o avi\u00e3o se tornou um advers\u00e1rio muito temido. Produzido at\u00e9 maio de 1918, foi retirado do front para organizar a defesa do territ\u00f3rio alem\u00e3o, principalmente pela sua excelente taxa de ascens\u00e3o e agilidade. S\u00e9rie \u201cFirst Hunters\u201d. Pintura em acr\u00edlico sobre tela, 20\u00d720 cm (33\u00d733 cm com moldura), por F. G. Dillenburg. Pe\u00e7a \u00fanica.<\/p>\n<p><strong>Observa\u00e7\u00e3o<\/strong>: nenhuma imagem, por melhor que seja, \u00e9 capaz de reproduzir os detalhes, as nuances, os cuidados que fazem parte do processo de elabora\u00e7\u00e3o da obra, executada com materiais rigidamente selecionados e da mais alta qualidade, para assegurar seu valor e sua longevidade.<\/p>\n<p><em><span class=\"has-inline-color has-cyan-bluish-gray-color\">O autor reserva-se o pleno e permanente direito sobre o copyright da sua obra. Nenhuma c\u00f3pia ou reprodu\u00e7\u00e3o, em qualquer meio f\u00edsico ou digital, pode ser feita sem sua expressa autoriza\u00e7\u00e3o.<\/span><\/em><\/p>\n<p><span style=\"color: #ff6600;\">Para encomendas ou compras internacionais, por favor, entre e contato.<\/span><\/p>\n<p>&nbsp;<\/p>\n","protected":false},"excerpt":{"rendered":"<p>Pintura em acr\u00edlico sobre tela, 20\u00d720 cm (33\u00d733 cm com moldura). Escolhido pelos alem\u00e3es para enfrentar a amea\u00e7a representada pelo Sopwith Triplane, o Fokker Dr.I (\u201cDr\u201d como abreviatura de \u201cDreidecker\u201d, isto \u00e9, triplano) foi posto em produ\u00e7\u00e3o acelerada em 1917, alcan\u00e7ando o front em outubro do mesmo ano. Extremamente manobr\u00e1vel, seu maior problema era o arrasto derivado sua configura\u00e7\u00e3o alar, o que n\u00e3o lhe permitia alcan\u00e7ar velocidades muito elevadas, quando comparado com outros avi\u00f5es j\u00e1 dispon\u00edveis na linha de frente (mesmo assim, atingia os 165 Km\/h em configura\u00e7\u00e3o de combate). Apesar disso, muitos ases alem\u00e3es o escolheram pela capacidade de rapidamente se posicionarem na cauda do inimigo com o Dr.I, sendo o mais famoso de todos os nomes a ele ligados o de Manfred von Richtofen, o extraordin\u00e1rio \u201cbar\u00e3o vermelho\u201d. Richtofen voava seu Dr.I vermelho quando foi abatido e morto, em circunst\u00e2ncias nunca esclarecidas, em abril de 1918. Werner Voss obteve dez vit\u00f3rias com um prot\u00f3tipo do Dr.I. Defeitos identificados na constru\u00e7\u00e3o das asas levaram, inicialmente, a muitas quedas acidentais mas, uma vez solucionados os problemas, o avi\u00e3o se tornou um advers\u00e1rio muito temido. Produzido at\u00e9 maio de 1918, foi retirado do front para organizar a defesa do territ\u00f3rio alem\u00e3o, principalmente pela sua excelente taxa de ascens\u00e3o e agilidade. Pintura em acr\u00edlico sobre tela, 20\u00d720 cm (33\u00d733 cm com moldura), por F. G. Dillenburg. Pe\u00e7a \u00fanica.<\/p>\n","protected":false},"featured_media":1292,"template":"","meta":{"om_disable_all_campaigns":false,"site-sidebar-layout":"no-sidebar","site-content-layout":"boxed-container","ast-site-content-layout":"normal-width-container","site-content-style":"boxed","site-sidebar-style":"boxed","ast-global-header-display":"","ast-banner-title-visibility":"","ast-main-header-display":"","ast-hfb-above-header-display":"","ast-hfb-below-header-display":"","ast-hfb-mobile-header-display":"","site-post-title":"","ast-breadcrumbs-content":"","ast-featured-img":"","footer-sml-layout":"","theme-transparent-header-meta":"default","adv-header-id-meta":"","stick-header-meta":"","header-above-stick-meta":"","header-main-stick-meta":"","header-below-stick-meta":"","astra-migrate-meta-layouts":"set","ast-page-background-enabled":"default","ast-page-background-meta":{"desktop":{"background-color":"","background-image":"","background-repeat":"repeat","background-position":"center center","background-size":"auto","background-attachment":"scroll","background-type":"","background-media":"","overlay-type":"","overlay-color":"","overlay-opacity":"","overlay-gradient":""},"tablet":{"background-color":"","background-image":"","background-repeat":"repeat","background-position":"center center","background-size":"auto","background-attachment":"scroll","background-type":"","background-media":"","overlay-type":"","overlay-color":"","overlay-opacity":"","overlay-gradient":""},"mobile":{"background-color":"","background-image":"","background-repeat":"repeat","background-position":"center center","background-size":"auto","background-attachment":"scroll","background-type":"","background-media":"","overlay-type":"","overlay-color":"","overlay-opacity":"","overlay-gradient":""}},"ast-content-background-meta":{"desktop":{"background-color":"var(--ast-global-color-5)","background-image":"","background-repeat":"repeat","background-position":"center center","background-size":"auto","background-attachment":"scroll","background-type":"","background-media":"","overlay-type":"","overlay-color":"","overlay-opacity":"","overlay-gradient":""},"tablet":{"background-color":"var(--ast-global-color-5)","background-image":"","background-repeat":"repeat","background-position":"center center","background-size":"auto","background-attachment":"scroll","background-type":"","background-media":"","overlay-type":"","overlay-color":"","overlay-opacity":"","overlay-gradient":""},"mobile":{"background-color":"var(--ast-global-color-5)","background-image":"","background-repeat":"repeat","background-position":"center center","background-size":"auto","background-attachment":"scroll","background-type":"","background-media":"","overlay-type":"","overlay-color":"","overlay-opacity":"","overlay-gradient":""}}},"product_brand":[],"product_cat":[26,58,133,20],"product_tag":[140,53,139,115,52],"class_list":{"0":"post-1291","1":"product","2":"type-product","3":"status-publish","4":"has-post-thumbnail","6":"product_cat-acrilica","7":"product_cat-aviation-art","8":"product_cat-historico","9":"product_cat-pinturas","10":"product_tag-aviao","11":"product_tag-aviation-art","12":"product_tag-avioes","13":"product_tag-i-guerra-mundial","14":"product_tag-pintura","15":"desktop-align-left","16":"tablet-align-left","17":"mobile-align-left","19":"first","20":"instock","21":"featured","22":"sold-individually","23":"taxable","24":"shipping-taxable","25":"purchasable","26":"product-type-simple"},"aioseo_notices":[],"_links":{"self":[{"href":"https:\/\/aboaarte.com\/index.php\/wp-json\/wp\/v2\/product\/1291","targetHints":{"allow":["GET"]}}],"collection":[{"href":"https:\/\/aboaarte.com\/index.php\/wp-json\/wp\/v2\/product"}],"about":[{"href":"https:\/\/aboaarte.com\/index.php\/wp-json\/wp\/v2\/types\/product"}],"wp:featuredmedia":[{"embeddable":true,"href":"https:\/\/aboaarte.com\/index.php\/wp-json\/wp\/v2\/media\/1292"}],"wp:attachment":[{"href":"https:\/\/aboaarte.com\/index.php\/wp-json\/wp\/v2\/media?parent=1291"}],"wp:term":[{"taxonomy":"product_brand","embeddable":true,"href":"https:\/\/aboaarte.com\/index.php\/wp-json\/wp\/v2\/product_brand?post=1291"},{"taxonomy":"product_cat","embeddable":true,"href":"https:\/\/aboaarte.com\/index.php\/wp-json\/wp\/v2\/product_cat?post=1291"},{"taxonomy":"product_tag","embeddable":true,"href":"https:\/\/aboaarte.com\/index.php\/wp-json\/wp\/v2\/product_tag?post=1291"}],"curies":[{"name":"wp","href":"https:\/\/api.w.org\/{rel}","templated":true}]}}