{"id":1295,"date":"2021-11-01T17:07:46","date_gmt":"2021-11-01T17:07:46","guid":{"rendered":"https:\/\/aboaarte.com\/?post_type=product&#038;p=1295"},"modified":"2026-01-17T12:50:01","modified_gmt":"2026-01-17T12:50:01","slug":"nieuport-xi-bebe-serie-first-hunters","status":"publish","type":"product","link":"https:\/\/aboaarte.com\/index.php\/product\/nieuport-xi-bebe-serie-first-hunters\/","title":{"rendered":"Nieuport XI \u201cB\u00e9B\u00e9\u201d"},"content":{"rendered":"<p>Pintura em acr\u00edlico sobre tela. Desenvolvido a partir do avi\u00e3o de corrida que Gustave Delage havia preparado para participar da Ta\u00e7a Gordon Bennett de 1914, foi o primeiro ca\u00e7a aliado a, de fato, apresentar capacidade de oposi\u00e7\u00e3o aos Fokker tipo \u201cE\u201d. Presente em Verdun (fevereiro de 1916), foi o avi\u00e3o dos ases Bishop, Ball, De Rose, Navarre, Nungesser e Baracca. Entre os italianos, foi o modelo padr\u00e3o at\u00e9 1917. Entre os americanos, destacou-se na esquadrilha La Fayette. S\u00e9rie \u201cFirst Hunters\u201d. Pintura em acr\u00edlico sobre tela, 20\u00d720 cm (33\u00d733 cm com moldura), por F. G. Dillenburg. Pe\u00e7a \u00fanica.<\/p>\n<p><strong>Observa\u00e7\u00e3o<\/strong>: nenhuma imagem, por melhor que seja, \u00e9 capaz de reproduzir os detalhes, as nuances, os cuidados que fazem parte do processo de elabora\u00e7\u00e3o da obra, executada com materiais rigidamente selecionados e da mais alta qualidade, para assegurar seu valor e sua longevidade.<\/p>\n<p><em><span class=\"has-inline-color has-cyan-bluish-gray-color\">O autor reserva-se o pleno e permanente direito sobre o copyright da sua obra. Nenhuma c\u00f3pia ou reprodu\u00e7\u00e3o, em qualquer meio f\u00edsico ou digital, pode ser feita sem sua expressa autoriza\u00e7\u00e3o.<\/span><\/em><\/p>\n<p><span style=\"color: #ff6600;\">Para encomendas ou compras internacionais, por favor, entre em contato.<\/span><\/p>\n","protected":false},"excerpt":{"rendered":"<p>Pintura em acr\u00edlico sobre tela. Desenvolvido a partir do avi\u00e3o de corrida que Gustave Delage havia preparado para participar da Ta\u00e7a Gordon Bennett de 1914, foi o primeiro ca\u00e7a aliado a, de fato, apresentar capacidade de oposi\u00e7\u00e3o aos Fokker tipo \u201cE\u201d. Presente em Verdun (fevereiro de 1916), foi o avi\u00e3o dos ases Bishop, Ball, De Rose, Navarre, Nungesser e Baracca. Entre os italianos, foi o modelo padr\u00e3o at\u00e9 1917. Entre os americanos, destacou-se na esquadrilha La Fayette. Pintura em acr\u00edlico sobre tela, 20\u00d720 cm (33\u00d733 cm com moldura), por F. G. Dillenburg. Pe\u00e7a \u00fanica.<\/p>\n","protected":false},"featured_media":1296,"template":"","meta":{"om_disable_all_campaigns":false,"site-sidebar-layout":"no-sidebar","site-content-layout":"boxed-container","ast-site-content-layout":"normal-width-container","site-content-style":"boxed","site-sidebar-style":"boxed","ast-global-header-display":"","ast-banner-title-visibility":"","ast-main-header-display":"","ast-hfb-above-header-display":"","ast-hfb-below-header-display":"","ast-hfb-mobile-header-display":"","site-post-title":"","ast-breadcrumbs-content":"","ast-featured-img":"","footer-sml-layout":"","theme-transparent-header-meta":"default","adv-header-id-meta":"","stick-header-meta":"","header-above-stick-meta":"","header-main-stick-meta":"","header-below-stick-meta":"","astra-migrate-meta-layouts":"set","ast-page-background-enabled":"default","ast-page-background-meta":{"desktop":{"background-color":"","background-image":"","background-repeat":"repeat","background-position":"center center","background-size":"auto","background-attachment":"scroll","background-type":"","background-media":"","overlay-type":"","overlay-color":"","overlay-opacity":"","overlay-gradient":""},"tablet":{"background-color":"","background-image":"","background-repeat":"repeat","background-position":"center center","background-size":"auto","background-attachment":"scroll","background-type":"","background-media":"","overlay-type":"","overlay-color":"","overlay-opacity":"","overlay-gradient":""},"mobile":{"background-color":"","background-image":"","background-repeat":"repeat","background-position":"center center","background-size":"auto","background-attachment":"scroll","background-type":"","background-media":"","overlay-type":"","overlay-color":"","overlay-opacity":"","overlay-gradient":""}},"ast-content-background-meta":{"desktop":{"background-color":"var(--ast-global-color-5)","background-image":"","background-repeat":"repeat","background-position":"center center","background-size":"auto","background-attachment":"scroll","background-type":"","background-media":"","overlay-type":"","overlay-color":"","overlay-opacity":"","overlay-gradient":""},"tablet":{"background-color":"var(--ast-global-color-5)","background-image":"","background-repeat":"repeat","background-position":"center center","background-size":"auto","background-attachment":"scroll","background-type":"","background-media":"","overlay-type":"","overlay-color":"","overlay-opacity":"","overlay-gradient":""},"mobile":{"background-color":"var(--ast-global-color-5)","background-image":"","background-repeat":"repeat","background-position":"center center","background-size":"auto","background-attachment":"scroll","background-type":"","background-media":"","overlay-type":"","overlay-color":"","overlay-opacity":"","overlay-gradient":""}}},"product_brand":[],"product_cat":[26,58,133,20],"product_tag":[140,53,139,115,52],"class_list":{"0":"post-1295","1":"product","2":"type-product","3":"status-publish","4":"has-post-thumbnail","6":"product_cat-acrilica","7":"product_cat-aviation-art","8":"product_cat-historico","9":"product_cat-pinturas","10":"product_tag-aviao","11":"product_tag-aviation-art","12":"product_tag-avioes","13":"product_tag-i-guerra-mundial","14":"product_tag-pintura","15":"desktop-align-left","16":"tablet-align-left","17":"mobile-align-left","19":"first","20":"instock","21":"sold-individually","22":"taxable","23":"shipping-taxable","24":"purchasable","25":"product-type-simple"},"aioseo_notices":[],"_links":{"self":[{"href":"https:\/\/aboaarte.com\/index.php\/wp-json\/wp\/v2\/product\/1295","targetHints":{"allow":["GET"]}}],"collection":[{"href":"https:\/\/aboaarte.com\/index.php\/wp-json\/wp\/v2\/product"}],"about":[{"href":"https:\/\/aboaarte.com\/index.php\/wp-json\/wp\/v2\/types\/product"}],"wp:featuredmedia":[{"embeddable":true,"href":"https:\/\/aboaarte.com\/index.php\/wp-json\/wp\/v2\/media\/1296"}],"wp:attachment":[{"href":"https:\/\/aboaarte.com\/index.php\/wp-json\/wp\/v2\/media?parent=1295"}],"wp:term":[{"taxonomy":"product_brand","embeddable":true,"href":"https:\/\/aboaarte.com\/index.php\/wp-json\/wp\/v2\/product_brand?post=1295"},{"taxonomy":"product_cat","embeddable":true,"href":"https:\/\/aboaarte.com\/index.php\/wp-json\/wp\/v2\/product_cat?post=1295"},{"taxonomy":"product_tag","embeddable":true,"href":"https:\/\/aboaarte.com\/index.php\/wp-json\/wp\/v2\/product_tag?post=1295"}],"curies":[{"name":"wp","href":"https:\/\/api.w.org\/{rel}","templated":true}]}}