{"id":1631,"date":"2024-06-26T16:14:19","date_gmt":"2024-06-26T16:14:19","guid":{"rendered":"https:\/\/aboaarte.com\/?post_type=product&#038;p=1631"},"modified":"2026-01-17T12:49:06","modified_gmt":"2026-01-17T12:49:06","slug":"bucefalo","status":"publish","type":"product","link":"https:\/\/aboaarte.com\/index.php\/product\/bucefalo\/","title":{"rendered":"&#8220;Buc\u00e9falo&#8221;"},"content":{"rendered":"<p>Desenho em pastel seco e l\u00e1pis de cor \u00e0 base de \u00f3leo sobre papel especial alem\u00e3o de alt\u00edssima qualidade. Representa\u00e7\u00e3o do cavalo de Alexandre, o Grande, chamado Buc\u00e9falo, e domado aos 12 anos pelo futuro rei, ao perceber que o animal tinha medo da pr\u00f3pria sombra. Em grego, &#8220;<em>bouk\u00e9phalos<\/em>&#8221; significa&#8221;cabe\u00e7a de boi&#8221;, segundo alguns pela mancha que possu\u00eda na cabe\u00e7a, segundo outros por um sinal na coxa que lembrava uma cabe\u00e7a bovina. Buc\u00e9falo havia sido levado \u00e0 Maced\u00f4nia, originalmente, como presente para o rei Filipe II da Maced\u00f4nia (o pai de Alexandre), em 346 a.C., por Filoneico da Tess\u00e1lia. Com um pre\u00e7o quase tr\u00eas vezes que o normal (13 talentos), o belo cavalo era mais alto que corcel maced\u00f4nio comum, mas foi considerado selvagem e indom\u00e1vel, atacando qualquer um que se aproximasse dele. Filipe II ordenou que o presente fosse levado embora, mas o jovem Alexandre interveio e conseguiu dom\u00e1-lo. De acordo com Plutarco, quando Alexandre retornou \u00e0 arena com Bucef\u00e1lo e desmontou, Filipe II teria declarado: \u201cMeu filho, busque por um reino do mesmo modo e lute para conquist\u00e1-lo, pois a Maced\u00f4nia \u00e9 muito pequena para voc\u00ea.\u201d Apesar de que alguns historiadores discordem da causa da morte do cavalo \u2013 h\u00e1 quem afirme que foram ferimentos de batalhas \u2013, a maior parte concorda que a causa da morte tenha sido idade avan\u00e7ada, depois da Batalha do Rio Hidaspa (326 a.C.). Enquanto Plutarco menciona ambas as possibilidades, ele menciona tamb\u00e9m Ones\u00edcrito, um historiador que acompanhou Alexandre em suas conquistas, e que insistia que o cavalo teria morrido, de fato, devido \u00e0 idade. De todo modo, ap\u00f3s a morte de Buc\u00e9falo, em luto, Alexandre fundou uma cidade em mem\u00f3ria ao seu amado cavalo, dando a ela o nome de Buc\u00e9fala ( ele tamb\u00e9m construiu outra cidade em honra ao seu c\u00e3o, Peritas).<\/p>\n<p>Obra em papel antibolor e isento de \u00e1cido, \u00e0 base de algod\u00e3o, 170 gramas, 26\u00d724 cm (44\u00d742 cm com moldura), com <em>paspatur\u00a0<\/em>(<em>Passe-partout<\/em>) e prote\u00e7\u00e3o integral por vidro antirreflexo. Insumos alem\u00e3es e franceses. Fixador franc\u00eas. Moldura em madeira. Certifica\u00e7\u00e3o de qualidade e proced\u00eancia, assinada pelo autor. Por F. G. Dillenburg.<\/p>\n<p><strong>Observa\u00e7\u00e3o<\/strong>: nenhuma imagem, por melhor que seja, \u00e9 capaz de reproduzir os detalhes, as nuances, os cuidados que fazem parte do processo de elabora\u00e7\u00e3o da obra, executada com materiais rigidamente selecionados e da mais alta qualidade, para assegurar seu valor e sua longevidade.<\/p>\n<p><em><span class=\"has-inline-color has-cyan-bluish-gray-color\">O autor reserva-se o pleno e permanente direito sobre o copyright da sua obra. Nenhuma c\u00f3pia ou reprodu\u00e7\u00e3o, em qualquer meio f\u00edsico ou digital, pode ser feita sem sua expressa autoriza\u00e7\u00e3o.<\/span><\/em><\/p>\n<p><span style=\"color: #ff6600;\">Para encomendas ou compras internacionais, por favor, entre em contato.<\/span><\/p>\n","protected":false},"excerpt":{"rendered":"<p>Desenho em pastel e l\u00e1pis de cor \u00e0 base de \u00f3leo sobre papel especial alem\u00e3o de alt\u00edssima qualidade, antibolor e isento de \u00e1cido, \u00e0 base de algod\u00e3o, 170 gramas, 26\u00d724 cm (44\u00d742 cm com moldura), com <em>paspatur\u00a0<\/em>(<em>Passe-partout<\/em>) e prote\u00e7\u00e3o integral por vidro antirreflexo. Insumos alem\u00e3es e franceses. Fixador franc\u00eas. Moldura em madeira. Certifica\u00e7\u00e3o de qualidade e proced\u00eancia, assinada pelo autor. Por F. G. Dillenburg.<\/p>\n","protected":false},"featured_media":1632,"template":"","meta":{"om_disable_all_campaigns":false,"site-sidebar-layout":"no-sidebar","site-content-layout":"boxed-container","ast-site-content-layout":"normal-width-container","site-content-style":"boxed","site-sidebar-style":"boxed","ast-global-header-display":"","ast-banner-title-visibility":"","ast-main-header-display":"","ast-hfb-above-header-display":"","ast-hfb-below-header-display":"","ast-hfb-mobile-header-display":"","site-post-title":"","ast-breadcrumbs-content":"","ast-featured-img":"","footer-sml-layout":"","theme-transparent-header-meta":"default","adv-header-id-meta":"","stick-header-meta":"","header-above-stick-meta":"","header-main-stick-meta":"","header-below-stick-meta":"","astra-migrate-meta-layouts":"set","ast-page-background-enabled":"default","ast-page-background-meta":{"desktop":{"background-color":"","background-image":"","background-repeat":"repeat","background-position":"center center","background-size":"auto","background-attachment":"scroll","background-type":"","background-media":"","overlay-type":"","overlay-color":"","overlay-opacity":"","overlay-gradient":""},"tablet":{"background-color":"","background-image":"","background-repeat":"repeat","background-position":"center center","background-size":"auto","background-attachment":"scroll","background-type":"","background-media":"","overlay-type":"","overlay-color":"","overlay-opacity":"","overlay-gradient":""},"mobile":{"background-color":"","background-image":"","background-repeat":"repeat","background-position":"center center","background-size":"auto","background-attachment":"scroll","background-type":"","background-media":"","overlay-type":"","overlay-color":"","overlay-opacity":"","overlay-gradient":""}},"ast-content-background-meta":{"desktop":{"background-color":"var(--ast-global-color-5)","background-image":"","background-repeat":"repeat","background-position":"center center","background-size":"auto","background-attachment":"scroll","background-type":"","background-media":"","overlay-type":"","overlay-color":"","overlay-opacity":"","overlay-gradient":""},"tablet":{"background-color":"var(--ast-global-color-5)","background-image":"","background-repeat":"repeat","background-position":"center center","background-size":"auto","background-attachment":"scroll","background-type":"","background-media":"","overlay-type":"","overlay-color":"","overlay-opacity":"","overlay-gradient":""},"mobile":{"background-color":"var(--ast-global-color-5)","background-image":"","background-repeat":"repeat","background-position":"center center","background-size":"auto","background-attachment":"scroll","background-type":"","background-media":"","overlay-type":"","overlay-color":"","overlay-opacity":"","overlay-gradient":""}}},"product_brand":[],"product_cat":[38,19,22,37],"product_tag":[35,60,59],"class_list":{"0":"post-1631","1":"product","2":"type-product","3":"status-publish","4":"has-post-thumbnail","6":"product_cat-animais","7":"product_cat-desenhos","8":"product_cat-pastel-seco","9":"product_cat-tema","10":"product_tag-cavalo","11":"product_tag-napoleao","12":"product_tag-pastel","13":"desktop-align-left","14":"tablet-align-left","15":"mobile-align-left","17":"first","18":"instock","19":"sold-individually","20":"taxable","21":"shipping-taxable","22":"purchasable","23":"product-type-simple"},"aioseo_notices":[],"_links":{"self":[{"href":"https:\/\/aboaarte.com\/index.php\/wp-json\/wp\/v2\/product\/1631","targetHints":{"allow":["GET"]}}],"collection":[{"href":"https:\/\/aboaarte.com\/index.php\/wp-json\/wp\/v2\/product"}],"about":[{"href":"https:\/\/aboaarte.com\/index.php\/wp-json\/wp\/v2\/types\/product"}],"wp:featuredmedia":[{"embeddable":true,"href":"https:\/\/aboaarte.com\/index.php\/wp-json\/wp\/v2\/media\/1632"}],"wp:attachment":[{"href":"https:\/\/aboaarte.com\/index.php\/wp-json\/wp\/v2\/media?parent=1631"}],"wp:term":[{"taxonomy":"product_brand","embeddable":true,"href":"https:\/\/aboaarte.com\/index.php\/wp-json\/wp\/v2\/product_brand?post=1631"},{"taxonomy":"product_cat","embeddable":true,"href":"https:\/\/aboaarte.com\/index.php\/wp-json\/wp\/v2\/product_cat?post=1631"},{"taxonomy":"product_tag","embeddable":true,"href":"https:\/\/aboaarte.com\/index.php\/wp-json\/wp\/v2\/product_tag?post=1631"}],"curies":[{"name":"wp","href":"https:\/\/api.w.org\/{rel}","templated":true}]}}

&#8220;Bucéfalo&#8221;

<p>Desenho em pastel seco e lápis de cor à base de óleo sobre papel especial alemão de altíssima qualidade. Representação do cavalo de Alexandre, o Grande, chamado Bucéfalo, e domado aos 12 anos pelo futuro rei, ao perceber que o animal tinha medo da própria sombra. Em grego, &#8220;<em>bouképhalos</em>&#8221; significa&#8221;cabeça de boi&#8221;, segundo alguns pela mancha que possuía na cabeça, segundo outros por um sinal na coxa que lembrava uma cabeça bovina. Bucéfalo havia sido levado à Macedônia, originalmente, como presente para o rei Filipe II da Macedônia (o pai de Alexandre), em 346 a.C., por Filoneico da Tessália. Com um preço quase três vezes que o normal (13 talentos), o belo cavalo era mais alto que corcel macedônio comum, mas foi considerado selvagem e indomável, atacando qualquer um que se aproximasse dele. Filipe II ordenou que o presente fosse levado embora, mas o jovem Alexandre interveio e conseguiu domá-lo. De acordo com Plutarco, quando Alexandre retornou à arena com Bucefálo e desmontou, Filipe II teria declarado: “Meu filho, busque por um reino do mesmo modo e lute para conquistá-lo, pois a Macedônia é muito pequena para você.” Apesar de que alguns historiadores discordem da causa da morte do cavalo – há quem afirme que foram ferimentos de batalhas –, a maior parte concorda que a causa da morte tenha sido idade avançada, depois da Batalha do Rio Hidaspa (326 a.C.). Enquanto Plutarco menciona ambas as possibilidades, ele menciona também Onesícrito, um historiador que acompanhou Alexandre em suas conquistas, e que insistia que o cavalo teria morrido, de fato, devido à idade. De todo modo, após a morte de Bucéfalo, em luto, Alexandre fundou uma cidade em memória ao seu amado cavalo, dando a ela o nome de Bucéfala ( ele também construiu outra cidade em honra ao seu cão, Peritas).</p>
<p>Obra em papel antibolor e isento de ácido, à base de algodão, 170 gramas, 26×24 cm (44×42 cm com moldura), com <em>paspatur </em>(<em>Passe-partout</em>) e proteção integral por vidro antirreflexo. Insumos alemães e franceses. Fixador francês. Moldura em madeira. Certificação de qualidade e procedência, assinada pelo autor. Por F. G. Dillenburg.</p>
<p><strong>Observação</strong>: nenhuma imagem, por melhor que seja, é capaz de reproduzir os detalhes, as nuances, os cuidados que fazem parte do processo de elaboração da obra, executada com materiais rigidamente selecionados e da mais alta qualidade, para assegurar seu valor e sua longevidade.</p>
<p><em><span class="has-inline-color has-cyan-bluish-gray-color">O autor reserva-se o pleno e permanente direito sobre o copyright da sua obra. Nenhuma cópia ou reprodução, em qualquer meio físico ou digital, pode ser feita sem sua expressa autorização.</span></em></p>
<p><span style="color: #ff6600;">Para encomendas ou compras internacionais, por favor, entre em contato.</span></p>

<p>Desenho em pastel e lápis de cor à base de óleo sobre papel especial alemão de altíssima qualidade, antibolor e isento de ácido, à base de algodão, 170 gramas, 26×24 cm (44×42 cm com moldura), com <em>paspatur </em>(<em>Passe-partout</em>) e proteção integral por vidro antirreflexo. Insumos alemães e franceses. Fixador francês. Moldura em madeira. Certificação de qualidade e procedência, assinada pelo autor. Por F. G. Dillenburg.</p>
