{"id":1664,"date":"2025-09-20T13:38:55","date_gmt":"2025-09-20T13:38:55","guid":{"rendered":"https:\/\/aboaarte.com\/?post_type=product&#038;p=1664"},"modified":"2025-11-15T14:40:17","modified_gmt":"2025-11-15T14:40:17","slug":"curtiss-p-40n-lullu-belle-white-44-89o-fs-80o-fg","status":"publish","type":"product","link":"https:\/\/aboaarte.com\/index.php\/product\/curtiss-p-40n-lullu-belle-white-44-89o-fs-80o-fg\/","title":{"rendered":"Curtiss P-40N \u201cLullu Belle &#8211; White 44\u201d (89\u00ba FS\/80\u00ba FG)"},"content":{"rendered":"<p>US Army Air Forces (USAAF) &#8211; Burma (Birm\u00e2nia) &#8211; 1944. Em 1944, o Jap\u00e3o tentou eliminar as for\u00e7as aliadas dentro e ao redor da cidade de Imphal, na \u00cdndia, para abrir o caminho para a conquista do territ\u00f3rio. O ataque teve in\u00edcio em 8 de mar\u00e7o de 1944 com o objetivo de destruir as for\u00e7as aliadas, capturar a cidade e avan\u00e7ar pela \u00cdndia para, finalmente, cortar todas as rotas de abastecimento para a China. A batalha foi um ponto de virada na campanha da Birm\u00e2nia, terminando com os japoneses derrotados em 3 de julho de 1944. O apoio a\u00e9reo \u00e0 campanha foi fornecido pela 3\u00aa For\u00e7a A\u00e9rea T\u00e1tica da RAF (3\u00aa TAF) e pela 10\u00aa For\u00e7a A\u00e9rea dos EUA (10\u00aa AF). O 80\u00ba Grupo de Ca\u00e7as (FG) foi anexado \u00e0 10\u00aa AF e inicialmente defendeu a extremidade indiana da rota que permitia transportar suprimentos sobre o Himalaia (chamada rota \u201cHump\u201d) para a China. A pintura representa o P-40N do 2\u00ba Ten Philip Adair, l\u00edder do 89\u00ba Esquadr\u00e3o de Ca\u00e7a (FS) do 80\u00ba FG. Sua miss\u00e3o mais not\u00e1vel aconteceu em 13 de dezembro de 1943, enquanto voava o P-40N \u201cLulu Belle\u201d. Ele se viu sozinho em meio a um ataque de 24 bombardeiros e cerca de 35-40 ca\u00e7as japoneses. Adair avan\u00e7ou e derrubou um ca\u00e7a Ki-43 \u2018Oscar\u2019, danificou mais dois e um bombardeiro Ki-21 \u2018Sally\u2019.<\/p>\n<p>Pintura em acr\u00edlico sobre tela em algod\u00e3o com tratamento antif\u00fangico e anti\u00e1cido, pigmentos e vernizes italianos e norte-americanos. Moldura em madeira. Certificado de Autenticidade. Verniz italiano. Tamanho 30&#215;30 cm (~43&#215;43 cm com moldura).\u00a0 Moldura em madeira, estilo r\u00fastico. Certifica\u00e7\u00e3o de qualidade e proced\u00eancia, assinada pelo autor. Obra \u00fanica. Por F. G. Dillenburg. Certifica\u00e7\u00f5es FSC\/PEFC, ISO 9001, ISO 14001, SEDEX, SMETA, \u201cRoyal\u201d.<\/p>\n<p><strong>Observa\u00e7\u00e3o<\/strong>: nenhuma imagem, por melhor que seja, \u00e9 capaz de reproduzir os detalhes, as nuances, os cuidados que fazem parte do processo de elabora\u00e7\u00e3o da obra, executada com materiais rigidamente selecionados e da mais alta qualidade, para assegurar seu valor e sua longevidade.<\/p>\n<p><em><span class=\"has-inline-color has-cyan-bluish-gray-color\">O autor reserva-se o pleno e permanente direito sobre o copyright da sua obra. Nenhuma c\u00f3pia ou reprodu\u00e7\u00e3o, em qualquer meio f\u00edsico ou digital, pode ser feita sem sua expressa autoriza\u00e7\u00e3o.<\/span><\/em><\/p>\n<p><span style=\"color: #ff6600;\">Para encomendas ou compras internacionais, por favor, entre em contato.<\/span><\/p>\n","protected":false},"excerpt":{"rendered":"<p>Pintura em acr\u00edlico sobre tela em algod\u00e3o com tratamento antif\u00fangico e anti\u00e1cido, pigmentos e vernizes italianos e norte-americanos. Moldura em madeira. Certificado de Autenticidade. Verniz italiano. Tamanho 30&#215;30 cm (~43&#215;43 cm com moldura).\u00a0 Moldura em madeira, estilo r\u00fastico. Certifica\u00e7\u00e3o de qualidade e proced\u00eancia, assinada pelo autor. Obra \u00fanica. Por F. G. Dillenburg. Certifica\u00e7\u00f5es FSC\/PEFC, ISO 9001, ISO 14001, SEDEX, SMETA, \u201cRoyal\u201d.<\/p>\n","protected":false},"featured_media":1665,"template":"","meta":{"om_disable_all_campaigns":false,"site-sidebar-layout":"no-sidebar","site-content-layout":"boxed-container","ast-site-content-layout":"normal-width-container","site-content-style":"boxed","site-sidebar-style":"boxed","ast-global-header-display":"","ast-banner-title-visibility":"","ast-main-header-display":"","ast-hfb-above-header-display":"","ast-hfb-below-header-display":"","ast-hfb-mobile-header-display":"","site-post-title":"","ast-breadcrumbs-content":"","ast-featured-img":"","footer-sml-layout":"","theme-transparent-header-meta":"default","adv-header-id-meta":"","stick-header-meta":"","header-above-stick-meta":"","header-main-stick-meta":"","header-below-stick-meta":"","astra-migrate-meta-layouts":"set","ast-page-background-enabled":"default","ast-page-background-meta":{"desktop":{"background-color":"","background-image":"","background-repeat":"repeat","background-position":"center center","background-size":"auto","background-attachment":"scroll","background-type":"","background-media":"","overlay-type":"","overlay-color":"","overlay-opacity":"","overlay-gradient":""},"tablet":{"background-color":"","background-image":"","background-repeat":"repeat","background-position":"center center","background-size":"auto","background-attachment":"scroll","background-type":"","background-media":"","overlay-type":"","overlay-color":"","overlay-opacity":"","overlay-gradient":""},"mobile":{"background-color":"","background-image":"","background-repeat":"repeat","background-position":"center center","background-size":"auto","background-attachment":"scroll","background-type":"","background-media":"","overlay-type":"","overlay-color":"","overlay-opacity":"","overlay-gradient":""}},"ast-content-background-meta":{"desktop":{"background-color":"var(--ast-global-color-5)","background-image":"","background-repeat":"repeat","background-position":"center center","background-size":"auto","background-attachment":"scroll","background-type":"","background-media":"","overlay-type":"","overlay-color":"","overlay-opacity":"","overlay-gradient":""},"tablet":{"background-color":"var(--ast-global-color-5)","background-image":"","background-repeat":"repeat","background-position":"center center","background-size":"auto","background-attachment":"scroll","background-type":"","background-media":"","overlay-type":"","overlay-color":"","overlay-opacity":"","overlay-gradient":""},"mobile":{"background-color":"var(--ast-global-color-5)","background-image":"","background-repeat":"repeat","background-position":"center center","background-size":"auto","background-attachment":"scroll","background-type":"","background-media":"","overlay-type":"","overlay-color":"","overlay-opacity":"","overlay-gradient":""}}},"product_brand":[],"product_cat":[26,58,133,20,37],"product_tag":[140,53,139,130,55,52,57],"class_list":{"0":"post-1664","1":"product","2":"type-product","3":"status-publish","4":"has-post-thumbnail","6":"product_cat-acrilica","7":"product_cat-aviation-art","8":"product_cat-historico","9":"product_cat-pinturas","10":"product_cat-tema","11":"product_tag-aviao","12":"product_tag-aviation-art","13":"product_tag-avioes","14":"product_tag-eua","15":"product_tag-historia","16":"product_tag-pintura","17":"product_tag-segunda-guerra-mundial","18":"desktop-align-left","19":"tablet-align-left","20":"mobile-align-left","22":"first","23":"instock","24":"sold-individually","25":"taxable","26":"shipping-taxable","27":"purchasable","28":"product-type-simple"},"aioseo_notices":[],"_links":{"self":[{"href":"https:\/\/aboaarte.com\/index.php\/wp-json\/wp\/v2\/product\/1664","targetHints":{"allow":["GET"]}}],"collection":[{"href":"https:\/\/aboaarte.com\/index.php\/wp-json\/wp\/v2\/product"}],"about":[{"href":"https:\/\/aboaarte.com\/index.php\/wp-json\/wp\/v2\/types\/product"}],"wp:featuredmedia":[{"embeddable":true,"href":"https:\/\/aboaarte.com\/index.php\/wp-json\/wp\/v2\/media\/1665"}],"wp:attachment":[{"href":"https:\/\/aboaarte.com\/index.php\/wp-json\/wp\/v2\/media?parent=1664"}],"wp:term":[{"taxonomy":"product_brand","embeddable":true,"href":"https:\/\/aboaarte.com\/index.php\/wp-json\/wp\/v2\/product_brand?post=1664"},{"taxonomy":"product_cat","embeddable":true,"href":"https:\/\/aboaarte.com\/index.php\/wp-json\/wp\/v2\/product_cat?post=1664"},{"taxonomy":"product_tag","embeddable":true,"href":"https:\/\/aboaarte.com\/index.php\/wp-json\/wp\/v2\/product_tag?post=1664"}],"curies":[{"name":"wp","href":"https:\/\/api.w.org\/{rel}","templated":true}]}}